{"version":"1.0","provider_name":"Absolicon","provider_url":"https:\/\/www.agma.com\/sv\/","author_name":"jakubschenk","author_url":"https:\/\/www.agma.com\/sv\/author\/jakubschenk\/","title":"7,7 miljoner kronor i retroaktivt forskningsavdrag till Absolicon - Absolicon","type":"rich","width":600,"height":338,"html":"<blockquote class=\"wp-embedded-content\" data-secret=\"C3ehNyjiTP\"><a href=\"https:\/\/www.agma.com\/sv\/77-miljoner-kronor-i-retroaktivt-forskningsavdrag-till-absolicon\/\">7,7 miljoner kronor i retroaktivt forskningsavdrag till Absolicon<\/a><\/blockquote><iframe sandbox=\"allow-scripts\" security=\"restricted\" src=\"https:\/\/www.agma.com\/sv\/77-miljoner-kronor-i-retroaktivt-forskningsavdrag-till-absolicon\/embed\/#?secret=C3ehNyjiTP\" width=\"600\" height=\"338\" title=\"\u201d7,7 miljoner kronor i retroaktivt forskningsavdrag till Absolicon\u201d &ndash; Absolicon\" data-secret=\"C3ehNyjiTP\" frameborder=\"0\" marginwidth=\"0\" marginheight=\"0\" scrolling=\"no\" class=\"wp-embedded-content\"><\/iframe><script>\n\/*! This file is auto-generated *\/\n!function(d,l){\"use strict\";l.querySelector&&d.addEventListener&&\"undefined\"!=typeof URL&&(d.wp=d.wp||{},d.wp.receiveEmbedMessage||(d.wp.receiveEmbedMessage=function(e){var t=e.data;if((t||t.secret||t.message||t.value)&&!\/[^a-zA-Z0-9]\/.test(t.secret)){for(var s,r,n,a=l.querySelectorAll('iframe[data-secret=\"'+t.secret+'\"]'),o=l.querySelectorAll('blockquote[data-secret=\"'+t.secret+'\"]'),c=new RegExp(\"^https?:$\",\"i\"),i=0;i<o.length;i++)o[i].style.display=\"none\";for(i=0;i<a.length;i++)s=a[i],e.source===s.contentWindow&&(s.removeAttribute(\"style\"),\"height\"===t.message?(1e3<(r=parseInt(t.value,10))?r=1e3:~~r<200&&(r=200),s.height=r):\"link\"===t.message&&(r=new URL(s.getAttribute(\"src\")),n=new URL(t.value),c.test(n.protocol))&&n.host===r.host&&l.activeElement===s&&(d.top.location.href=t.value))}},d.addEventListener(\"message\",d.wp.receiveEmbedMessage,!1),l.addEventListener(\"DOMContentLoaded\",function(){for(var e,t,s=l.querySelectorAll(\"iframe.wp-embedded-content\"),r=0;r<s.length;r++)(t=(e=s[r]).getAttribute(\"data-secret\"))||(t=Math.random().toString(36).substring(2,12),e.src+=\"#?secret=\"+t,e.setAttribute(\"data-secret\",t)),e.contentWindow.postMessage({message:\"ready\",secret:t},\"*\")},!1)))}(window,document);\n\/\/# sourceURL=https:\/\/www.agma.com\/wp-includes\/js\/wp-embed.min.js\n<\/script>\n","description":"Skatteverket har gjort ett ompr\u00f6vningsbeslut baserat p\u00e5 en inlaga fr\u00e5n Absolicon ang\u00e5ende det s\u00e5 kallade forskaravdraget, en neds\u00e4ttning av arbetsgivaravgifterna f\u00f6r anst\u00e4llda som arbetar med kvalificerad forskning eller utveckling baserat p\u00e5 forskningsr\u00f6n. Absolicon har inte tidigare redovisat denna neds\u00e4ttning f\u00f6r sina kvalificerade anst\u00e4llda och redovisade nu retroaktivt f\u00f6r fem \u00e5r, fr\u00e5n 2018 till 2023. Beslutet [&hellip;]"}

Skatteverket har gjort ett omprövningsbeslut baserat på en inlaga från Absolicon angående det så kallade forskaravdraget, en nedsättning av arbetsgivaravgifterna för anställda som arbetar med kvalificerad forskning eller utveckling baserat på forskningsrön. Absolicon har inte tidigare redovisat denna nedsättning för sina kvalificerade anställda och redovisade nu retroaktivt för fem år, från 2018 till 2023. Beslutet [&hellip;]
