{"version":"1.0","provider_name":"Absolicon","provider_url":"https:\/\/www.agma.com\/sv\/","author_name":"jakubschenk","author_url":"https:\/\/www.agma.com\/sv\/author\/jakubschenk\/","title":"R\u00e4ttelse - Kallelse till \u00e5rsst\u00e4mma l\u00f6rdag 14 juni 2025 - Absolicon","type":"rich","width":600,"height":338,"html":"<blockquote class=\"wp-embedded-content\" data-secret=\"1jOvAY90Ln\"><a href=\"https:\/\/www.agma.com\/sv\/rattelse-kallelse-till-arsstamma-lordag-14-juni-2025\/\">R\u00e4ttelse &#8211; Kallelse till \u00e5rsst\u00e4mma l\u00f6rdag 14 juni 2025<\/a><\/blockquote><iframe sandbox=\"allow-scripts\" security=\"restricted\" src=\"https:\/\/www.agma.com\/sv\/rattelse-kallelse-till-arsstamma-lordag-14-juni-2025\/embed\/#?secret=1jOvAY90Ln\" width=\"600\" height=\"338\" title=\"\u201dR\u00e4ttelse &#8211; Kallelse till \u00e5rsst\u00e4mma l\u00f6rdag 14 juni 2025\u201d &ndash; Absolicon\" data-secret=\"1jOvAY90Ln\" frameborder=\"0\" marginwidth=\"0\" marginheight=\"0\" scrolling=\"no\" class=\"wp-embedded-content\"><\/iframe><script>\n\/*! This file is auto-generated *\/\n!function(d,l){\"use strict\";l.querySelector&&d.addEventListener&&\"undefined\"!=typeof URL&&(d.wp=d.wp||{},d.wp.receiveEmbedMessage||(d.wp.receiveEmbedMessage=function(e){var t=e.data;if((t||t.secret||t.message||t.value)&&!\/[^a-zA-Z0-9]\/.test(t.secret)){for(var s,r,n,a=l.querySelectorAll('iframe[data-secret=\"'+t.secret+'\"]'),o=l.querySelectorAll('blockquote[data-secret=\"'+t.secret+'\"]'),c=new RegExp(\"^https?:$\",\"i\"),i=0;i<o.length;i++)o[i].style.display=\"none\";for(i=0;i<a.length;i++)s=a[i],e.source===s.contentWindow&&(s.removeAttribute(\"style\"),\"height\"===t.message?(1e3<(r=parseInt(t.value,10))?r=1e3:~~r<200&&(r=200),s.height=r):\"link\"===t.message&&(r=new URL(s.getAttribute(\"src\")),n=new URL(t.value),c.test(n.protocol))&&n.host===r.host&&l.activeElement===s&&(d.top.location.href=t.value))}},d.addEventListener(\"message\",d.wp.receiveEmbedMessage,!1),l.addEventListener(\"DOMContentLoaded\",function(){for(var e,t,s=l.querySelectorAll(\"iframe.wp-embedded-content\"),r=0;r<s.length;r++)(t=(e=s[r]).getAttribute(\"data-secret\"))||(t=Math.random().toString(36).substring(2,12),e.src+=\"#?secret=\"+t,e.setAttribute(\"data-secret\",t)),e.contentWindow.postMessage({message:\"ready\",secret:t},\"*\")},!1)))}(window,document);\n\/\/# sourceURL=https:\/\/www.agma.com\/wp-includes\/js\/wp-embed.min.js\n<\/script>\n","description":"Aktie&auml;gare som &ouml;nskar delta i &aring;rsst&auml;mman skall vara inf&ouml;rd i den av Euroclear Sweden AB f&ouml;rda aktieboken senast den 5 juni 2025 och b&ouml;r anm&auml;la sitt deltagande i &aring;rsst&auml;mman senast den 12 juni 2025. F&ouml;rvaltarregistrerade aktier Den som l&aring;tit f&ouml;rvaltarregistrera sina aktier m&aring;ste, f&ouml;r att ha r&auml;tt att delta i st&auml;mman, genom f&ouml;rvaltares f&ouml;rsorg l&aring;ta [&hellip;]"}

Rättelse - Kallelse till årsstämma lördag 14 juni 2025 - Absolicon

<blockquote class="wp-embedded-content" data-secret="1jOvAY90Ln"><a href="https://www.agma.com/sv/rattelse-kallelse-till-arsstamma-lordag-14-juni-2025/">Rättelse &#8211; Kallelse till årsstämma lördag 14 juni 2025</a></blockquote><iframe sandbox="allow-scripts" security="restricted" src="https://www.agma.com/sv/rattelse-kallelse-till-arsstamma-lordag-14-juni-2025/embed/#?secret=1jOvAY90Ln" width="600" height="338" title="”Rättelse &#8211; Kallelse till årsstämma lördag 14 juni 2025” &ndash; Absolicon" data-secret="1jOvAY90Ln" frameborder="0" marginwidth="0" marginheight="0" scrolling="no" class="wp-embedded-content"></iframe><script>
/*! This file is auto-generated */
!function(d,l){"use strict";l.querySelector&&d.addEventListener&&"undefined"!=typeof URL&&(d.wp=d.wp||{},d.wp.receiveEmbedMessage||(d.wp.receiveEmbedMessage=function(e){var t=e.data;if((t||t.secret||t.message||t.value)&&!/[^a-zA-Z0-9]/.test(t.secret)){for(var s,r,n,a=l.querySelectorAll('iframe[data-secret="'+t.secret+'"]'),o=l.querySelectorAll('blockquote[data-secret="'+t.secret+'"]'),c=new RegExp("^https?:$","i"),i=0;i<o.length;i++)o[i].style.display="none";for(i=0;i<a.length;i++)s=a[i],e.source===s.contentWindow&&(s.removeAttribute("style"),"height"===t.message?(1e3<(r=parseInt(t.value,10))?r=1e3:~~r<200&&(r=200),s.height=r):"link"===t.message&&(r=new URL(s.getAttribute("src")),n=new URL(t.value),c.test(n.protocol))&&n.host===r.host&&l.activeElement===s&&(d.top.location.href=t.value))}},d.addEventListener("message",d.wp.receiveEmbedMessage,!1),l.addEventListener("DOMContentLoaded",function(){for(var e,t,s=l.querySelectorAll("iframe.wp-embedded-content"),r=0;r<s.length;r++)(t=(e=s[r]).getAttribute("data-secret"))||(t=Math.random().toString(36).substring(2,12),e.src+="#?secret="+t,e.setAttribute("data-secret",t)),e.contentWindow.postMessage({message:"ready",secret:t},"*")},!1)))}(window,document);
//# sourceURL=https://www.agma.com/wp-includes/js/wp-embed.min.js
</script>
